ist the prime factors of 3272648338.
2, 1636324169
What are the prime factors of 64414786?
2, 149, 216157
List the prime factors of 529406411.
43, 12311777
What are the prime factors of 63138314?
2, 31569157
List the prime factors of 4150687475.
5, 11, 181, 83389
What are the prime factors of 569624782?
2, 284812391
What are the prime factors of 3354521274?
2, 3, 13, 14335561
List the prime factors of 55342827.
3, 103, 227, 263
What are the prime factors of 101455154?
2, 2053, 24709
List the prime factors of 5170646645.
5, 17, 809, 75193
What are the prime factors of 101015474?
2, 7, 659, 10949
What are the prime factors of 1825191088?
2, 7, 16296349
What are the prime factors of 78180981?
3, 991, 26297
List the prime factors of 1488695492.
2, 1213, 306821
List the prime factors of 7930729245.
3, 5, 17, 23, 1019, 1327
What are the prime factors of 9075135?
3, 5, 605009
What are the prime factors of 1904817920?
2, 5, 1488139
What are the prime factors of 564570823?
59, 1327, 7211
What are the prime factors of 110996151?
3, 7, 31, 53, 3217
List the prime factors of 834656903.
3691, 226133
What are the prime factors of 46011903?
3, 7, 397, 5519
What are the prime factors of 17364435?
3, 5, 11, 105239
List the prime factors of 272771086.
2, 7, 17, 1146097
List the prime factors of 438589347.
3, 7, 83, 103, 349
List the prime factors of 3736888231.
12457, 299983
List the prime factors of 4176587516.
2, 223, 4682273
What are the prime factors of 109505901?
3, 257, 142031
What are the prime factors of 14437057?
149, 96893
What are the prime factors of 290736367?
290736367
List the prime factors of 37040624.
2, 2315039
List the prime factors of 134350618.
2, 149, 450841
What are the prime factors of 139492089?
3, 11, 17, 82883
List the prime factors of 1076504665.
5, 4057, 53069
What are the prime factors of 1124568530?
2, 5, 17, 47, 97, 1451
List the prime factors of 4147116242.
2, 109, 1277, 14897
What are the prime factors of 4007852780?
2, 5, 19, 29, 12541
What are the prime factors of 15342457?
13, 37, 167, 191
What are the prime factors of 47078557?
1249, 37693
List the prime factors of 327567893.
327567893
What are the prime factors of 130825982?
2, 7, 17, 19, 4133
What are the prime factors of 962003004?
2, 3, 17, 149, 31649
List the prime factors of 11002028.
2, 571, 4817
List the prime factors of 36201245.
5, 17, 113, 3769
List the prime factors of 504499461.
3, 113, 1488199
List the prime factors of 137677364.
2, 11, 3129031
What are the prime factors of 76060609?
23, 661, 5003
List the prime factors of 52831049.
73, 677, 1069
What are the prime factors of 133732274?
2, 13, 269, 19121
What are the prime factors of 40765127?
13, 19, 165041
What are the prime factors of 164711682?
2, 3, 79, 115831
List the prime factors of 15771017.
71, 222127
What are the prime factors of 1846646857?
11, 281, 293, 2039
What are the prime factors of 415755100?
2, 5, 67, 62053
What are the prime factors of 1260181334?
2, 73, 8631379
List the prime factors of 29682051.
3, 7, 17, 29, 47, 61
What are the prime factors of 3870469190?
2, 5, 7, 157, 352181
List the prime factors of 682420006.
2, 109, 3130367
What are the prime factors of 288429412?
2, 17, 47, 90247
What are the prime factors of 1837406679?
3, 29, 21119617
What are the prime factors of 67550129?
17, 499, 7963
What are the prime factors of 16288618?
2, 17, 28181
What are the prime factors of 24351127?
24351127
List the prime factors of 571880201.
6871, 83231
What are the prime factors of 356429015?
5, 71285803
What are the prime factors of 1962798625?
5, 883, 17783
List the prime factors of 55032252.
2, 3, 11, 151, 251
List the prime factors of 72066721.
4421, 16301
What are the prime factors of 701219036?
2, 7, 25043537
List the prime factors of 626403664.
2, 39150229
List the prime factors of 62172727.
83, 749069
List the prime factors of 4759091826.
2, 3, 17, 1301, 35863
List the prime factors of 20429524.
2, 5107381
List the prime factors of 15680108.
2, 73, 53699
List the prime factors of 63105075.
3, 5, 11, 2833
What are the prime factors of 1415536925?
5, 11, 773, 6659
List the prime factors of 67000290.
2, 3, 5, 7, 319049
What are the prime factors of 14062075?
5, 43, 103, 127
What are the prime factors of 100005655?
5, 101, 198031
What are the prime factors of 151707147?
3, 53, 954133
List the prime factors of 6891679.
179, 38501
What are the prime factors of 899345475?
3, 5, 7, 17, 33589
What are the prime factors of 732009976?
2, 91501247
What are the prime factors of 850006168?
2, 11, 9659161
List the prime factors of 917481304.
2, 37, 53, 233, 251
What are the prime factors of 4397885974?
2, 43, 47, 83, 13109
List the prime factors of 241622435.
5, 67, 721261
List the prime factors of 21988030.
2, 5, 383, 5741
What are the prime factors of 686901572?
2, 7, 24532199
List the prime factors of 3615666541.
19, 190298239
What are the prime factors of 62559763?
7, 8937109
What are the prime factors of 413006116?
2, 19, 2053, 2647
List the prime factors of 692424575.
5, 27696983
List the prime factors of 470348659.
11, 53, 71, 1033
List the prime factors of 280950997.
2053, 136849
List the prime factors of 168985885.
5, 33797177
List the prime factors of 1153723252.
2, 11, 3181, 8243
What are the prime factors of 98267835?
3, 5, 47, 139387
List the prime factors of 116295149.
1061, 109609
What are the prime factors of 380805737?
13, 61, 480209
List the prime factors of 331808001.
3, 7, 19, 831599
List the prime factors of 1368733095.
3, 5, 30416291
What are the prime factors of 9358942?
2, 17, 275263
List the prime factors of 93023370.
2, 3, 5, 11, 31321
List the prime factors of 132307507.
19, 6963553
List the prime factors of 2551395625.
5, 73, 55921
What are the prime factors of 446880936?
2, 3, 857, 21727
List the prime factors of 28319284.
2, 7, 43, 547
List the prime factors of 132097132.
2, 33024283
List the prime factors of 89248007.
89248007
What are the prime factors of 104598762?
2, 3, 19, 71, 12923
What are the prime factors of 1549704403?
13, 119208031
List the prime factors of 7284076190.
2, 5, 17, 1993, 21499
List the prime factors of 43987967.
167, 263401
List the prime factors of 6254279010.
2, 3, 5, 7, 359, 27653
List the prime factors of 9176346.
2, 3, 509797
What are the prime factors of 256553151?
3, 107, 131, 6101
What are the prime factors of 1298718887?
1298718887
What are the prime factors of 209602598?
2, 53, 751, 2633
List the prime factors of 2158464710.
2, 5, 215846471
List the prime factors of 351762056.
2, 43970257
What are the prime factors of 602416041?
3, 200805347
What are the prime factors of 814593529?
814593529
List the prime factors of 86425338.
2, 3, 19, 113, 6709
What are the prime factors of 5161137?
3, 1720379
List the prime factors of 22061730.
2, 3, 5, 735391
What are the prime factors of 356868237?
3, 11, 1913, 5653
What are the prime factors of 174813792?
2, 3, 1820977
List the prime factors of 75895234.
2, 19, 1997243
List the prime factors of 700296387.
3, 7, 23, 207127
List the prime factors of 153303718.
2, 311, 246469
What are the prime factors of 155000343?
3, 239, 216179
List the prime factors of 27057550.
2, 5, 13, 41627
List the prime factors of 323077657.
7, 46153951
What are the prime factors of 233432509?
43, 5428663
What are the prime factors of 6883064156?
2, 1720766039
What are the prime factors of 146994630?
2, 3, 5, 4899821
What are the prime factors of 2544390251?
13, 1303, 150209
What are the prime factors of 1146480724?
2, 23, 12461747
What are the prime factors of 87001919?
97, 896927
What are the prime factors of 39191965?
5, 19, 21713
List the prime factors of 66262032.
2, 3, 421, 1093
List the prime factors of 1825521014.
2, 61, 14963287
What are the prime factors of 28505310?
2, 3, 5, 950177
List the prime factors of 383323057.
13, 191, 317, 487
What are the prime factors of 34898525?
5, 449, 3109
List the prime factors of 842300343.
3, 17, 19, 59, 1637
What are the prime factors of 34071149?
7, 4867307
List the prime factors of 356280895.
5, 191, 193, 1933
What are the prime factors of 96462126?
2, 3, 19, 282053
What are the prime factors of 55075132?
2, 7, 1321, 1489
List the prime factors of 183533095.
5, 181, 202799